common factor of 135 and p?
27
Suppose 2*t - 39*p - 598 = -37*p, 3*t + 4*p - 862 = 0. Calculate the highest common divisor of 560 and t.
14
Let d(v) = 11*v**3 + 3*v**2 - 2. Let j be d(-1). Let q be (-84)/j*(16 + -6). Let g = 13 - -8. What is the highest common divisor of g and q?
21
Suppose -3*m + 12 = m. Suppose -m*z + 0*z = -36. Let h be 17 + 1 + (120/20 - 4). What is the highest common divisor of z and h?
4
Suppose -45*u - 3*h = -40*u - 1948, 5*h = -20. Calculate the highest common factor of u and 3976.
56
Let i = -77 - -513. What is the highest common factor of i and 11663?
109
Let o = 10176 - 10036. What is the greatest common factor of o and 364?
28
Let y = 63 - 16. Let s = y + -33. Suppose 9*u = s*u - 990. What is the greatest common divisor of u and 18?
18
Let v(j) = j**2 + 4*j - 18. Let w be v(6). Let b be (-9)/6*-6*52/6. Let f = b - 57. Calculate the greatest common divisor of f and w.
21
Suppose -5*k + w = -5271, 3*k - 4*w - 542 = 2641. Calculate the highest common factor of 621 and k.
27
Let a(l) = -l**3 - 3*l**2 + 2*l + 9. Let q be a(-4). Suppose -q = -3*m + 4. Suppose 4*t = -3 + m. What is the greatest common divisor of 1 and t?
1
Let t(w) = w**3 + 8*w**2 + w - 18. Let x(r) = -3*r - 26. Let v be x(-6). Let s be t(v). Let c = 49 - s. What is the highest common factor of 25 and c?
25
Suppose 10*z - 15*z - 3*f = -56, 0 = z - 4*f - 25. Calculate the highest common divisor of 8 and z.
1
Suppose 1410 = 13*r - 2166 - 311. Calculate the highest common divisor of r and 184.
23
Suppose q - 50 = -5*x, q - 3*x - 67 = 15. Calculate the highest common divisor of 440 and q.
10
Let t = -2464 + 2569. Calculate the greatest common divisor of 405 and t.
15
Suppose -34 = -2*o - 15*o + 51. Calculate the greatest common divisor of 83 and o.
1
Let s = 67 - 57. Suppose -5*d + 20 = -s. Let a be 1/3 - ((-264)/18 - 0). Calculate the highest common divisor of a and d.
3
Let s be 66 - ((-8)/4 - -4). Let u = 54 - s. Let c be (0 - 4/u) + (-86)/(-10). What is the highest common divisor of c and 63?
9
Let g = -41 + 46. Suppose -45 = -5*m + g*a, 5*a + 22 = 3*m + 3*a. Let h be 8/4 + -1 + 3. Calculate the highest common divisor of m and h.
4
Suppose 0 = -12*p + 8*p + 4*n - 19596, -4*n = 20. Let r be p/(-24) + (-4)/12. Calculate the greatest common factor of 60 and r.
12
Suppose -4*o - 3*n = -4*n - 101, -4*o + 96 = 4*n. Suppose 0 = 3*p - o + 1. Let a be (12/p)/((-3)/(-496)). Calculate the greatest common divisor of 31 and a.
31
Suppose 70*s + 442 = 53*s. Let m be 34 + ((-13)/s)/(1/4). Calculate the highest common factor of 396 and m.
36
Let b(f) = 8*f - 17. Let k = -74 + 80. Let o be b(k). Suppose 26*u = o*u - 90. Calculate the greatest common factor of 162 and u.
18
Let r be 9 + 4*4/8. Suppose -r*h = -6*h - o - 184, -h + o = -40. Calculate the greatest common factor of h and 63.
9
Suppose -52*u + 19*u + 13959 = 0. Let n be (7144/(-342))/(2/(-9)). Calculate the greatest common divisor of u and n.
47
Suppose 457 + 330 = 17*r - 29. Calculate the greatest common factor of r and 16.
16
Let u be (-60)/(-14) - (-10)/(-35). Suppose -5*x = -5*a + 5 - 0, -u*x + 3*a - 6 = 0. Let v be x/2 - 731/(-34). Calculate the greatest common factor of v and 4.
4
Let l be (-8)/68 + 18/153. Suppose 0*a - a + 4*f + 10 = l, 4*a - 3*f = 40. Let t(s) = 3*s**2 + 3. Let u be t(3). What is the greatest common factor of a and u?
10
Let d(m) = -m**2 - 7*m + 46. Let t(y) = -2. Let h(o) = d(o) + t(o). Let g be h(-8). Calculate the highest common factor of 45 and g.
9
Let j be (-3 + 24/20)*(1 - -24)*-1. What is the greatest common divisor of 18 and j?
9
Suppose 5*t - 4*c + 7 = -3, 0 = 2*t + 2*c + 22. Let q = 42 + t. Let v be 492/20 - (-3)/(-5). Calculate the greatest common factor of q and v.
12
Let z(k) = 437*k + 2207. Let g be z(2). Calculate the greatest common divisor of g and 1659.
237
Let a(c) = -4*c**2 + 77*c - 33. Let t be a(13). Calculate the highest common divisor of t and 1314.
146
Suppose -p = p + 466. Let s be 4 - (p + (-12)/(-4)). Suppose 801 = 5*t - s. What is the greatest common factor of 23 and t?
23
Let j = -5177 - -5273. What is the highest common factor of 3296 and j?
32
Suppose 42*h + 504 = 52*h + 18*h. What is the highest common factor of h and 7767?
9
Suppose -3*g - 2*b - 66 + 120 = 0, -2*g + 25 = 5*b. Calculate the highest common divisor of g and 2350.
10
Let t = -22 - -307. Suppose -2*o + 774 = 6*i - 3*i, -4*i + 3*o = -1032. Let z = 315 - i. Calculate the greatest common factor of z and t.
57
Let f(t) = -30*t - 490. Let r be f(-20). Let v(u) = u**3 - 8*u**2 + 9*u + 8. Let w be v(7). What is the greatest common divisor of r and w?
22
Suppose 0 = 179*y + 2334 - 6988. What is the greatest common divisor of 18096 and y?
26
Let d be 0 + -2 - (-2 + -42). Suppose 44*f + 11 = 417 + 2674. Calculate the greatest common factor of f and d.
14
Suppose 34*l = 32*l + 94. Let m = l + 23. What is the greatest common factor of m and 42?
14
Suppose 81*u = 9*u + 19800. Calculate the greatest common factor of u and 3520.
55
Let u = 4155 + -1847. What is the highest common factor of 4 and u?
4
Let n(f) = 52*f - 1162. Let h be n(37). What is the greatest common divisor of h and 7874?
254
Let t be 51/(-85) - 73/(-5). Let r be 80 + 2 + 5/(2 - 3). Calculate the highest common divisor of r and t.
7
Suppose -58*y = -64*y. Let h(u) = -156 + 4*u + 147 + y*u**2 + u**2. Let c be h(5). What is the highest common divisor of 48 and c?
12
Let b be (11 - -5)*2/(-4) - (0 - 42). What is the greatest common divisor of 4097 and b?
17
Let c = -68 - -72. Suppose -5*v - 41 = -3*z, -c*z - 2*v + 13 = -7. What is the greatest common divisor of z and 7?
7
Suppose -3*k + 3*y + 174 = 0, 4*k - 232 = 16*y - 21*y. What is the greatest common factor of 667 and k?
29
Suppose 120*f + 168*f + 2145 = 483*f. What is the highest common factor of 3113 and f?
11
Let z = -188 + 319. Let j = -89 + z. Suppose -5*b = -5*q - 80, -j = -2*b + 4*q - 8. Calculate the highest common divisor of 5 and b.
5
Let c be ((-597)/5)/(30/40 + (-57)/60). What is the highest common factor of c and 6?
3
Suppose 7*p + 1836 = -22*p + 35*p. Let d(b) = -8*b - 6. Suppose 0 = -5*m - 39 + 14. Let j be d(m). Calculate the highest common divisor of p and j.
34
Suppose -4*h = -842 - 662. Suppose -5*l - 171 = -3*t, l + 382 = 20*t - 12*t. What is the highest common divisor of h and t?
47
Suppose 2 = -o + 2*u, 4*o = -0*o - 3*u + 25. Suppose o*l + l + 15 = 0. Let r be (-20)/(-3)*l/(-2). Calculate the greatest common factor of r and 25.
5
Let h(y) = -y**3 - 7*y**2 - 9*y + 3. Let x be h(-10). Suppose s + 5*n = -3*s + x, -2*n - 312 = -3*s. Calculate the greatest common factor of s and 153.
51
Let p = 0 + 17. Let t = 19272 - 18881. What is the highest common divisor of p and t?
17
Suppose -3*w + 328 = -2*x, x - 11 = -7. Let t = w + 112. Calculate the greatest common divisor of 28 and t.
28
Let q(f) = -f**3 - 11*f**2 + 3*f + 34. Suppose 3*h + 2*g + 27 = 0, 3*h - 29 = 7*h + 5*g. Let d be q(h). What is the greatest common divisor of d and 70?
1
Suppose 0 = -10*r - 163 + 223. What is the highest common factor of 136 and r?
2
Let w(m) = 3*m - 46. Let u be -1 - (12/9 - 2/(-3)). Let j be -4 - (u + -3 + -14). Let g be w(j). Calculate the greatest common factor of 5 and g.
1
Let a(f) = -10*f**2 + 0*f + 27*f - 158 + 7*f**2 + 4*f**2. Let i be a(16). What is the highest common factor of 10 and i?
10
Suppose -33*s - 1508 = -31*s. Let h = 1336 + s. Suppose 0 = 3*a - 2*r - h, 2*a + 5*r - 353 = 54. What is the greatest common divisor of a and 28?
28
Suppose -11*w + 6 = -9*w + 2*g, -2*g = 0. Suppose 3*k + 5*v - 235 = 0, -4*k + w*v = -v - 324. What is the highest common factor of k and 50?
10
Let m be 56/30 + 21/((-1575)/(-10)). Suppose m*j - 126 = -2*p, 5*j - j + 108 = 2*p. Calculate the highest common factor of p and 180.
60
Suppose 42*a - 52*a = -20. Suppose q + 4 - 254 = a*u, -u = -q + 249. Calculate the greatest common factor of q and 8.
8
Let j = -1161 + 1199. Let r = -23 - -29. Let d = 44 - r. What is the highest common divisor of j and d?
38
Let m be (-7)/(-14) + 9/6. Suppose -c + 18 = m*c. Let h = -57 + 75. What is the highest common factor of c and h?
6
Let p be (331 + -221)*10/6*3. Calculate the highest common factor of p and 2090.
110
Let i be (0 - (-7)/((-21)/405))/(45/(-150)).